factors of 1872679?
31, 193, 313
What are the prime factors of 821363?
37, 79, 281
What are the prime factors of 170662?
2, 85331
List the prime factors of 455784.
2, 3, 7, 2713
What are the prime factors of 438211?
438211
List the prime factors of 4230121.
7, 131, 659
What are the prime factors of 1423479?
3, 41, 71, 163
What are the prime factors of 3531809?
3531809
What are the prime factors of 1946704?
2, 17, 421
What are the prime factors of 771008?
2, 7, 1721
What are the prime factors of 3845103?
3, 41, 43, 727
List the prime factors of 2048039.
7, 292577
What are the prime factors of 559652?
2, 181, 773
List the prime factors of 59933.
73, 821
What are the prime factors of 988843?
79, 12517
What are the prime factors of 7882112?
2, 7, 19, 463
What are the prime factors of 12584720?
2, 5, 47, 3347
What are the prime factors of 11438803?
11438803
List the prime factors of 211151.
211151
What are the prime factors of 625992?
2, 3, 26083
List the prime factors of 71877.
3, 13, 19, 97
What are the prime factors of 87936?
2, 3, 229
List the prime factors of 137879.
7, 19697
What are the prime factors of 6532?
2, 23, 71
What are the prime factors of 1882157?
349, 5393
What are the prime factors of 10033638?
2, 3, 17, 98369
What are the prime factors of 10174594?
2, 73, 227, 307
List the prime factors of 134319.
3, 44773
List the prime factors of 32133.
3, 10711
List the prime factors of 8125968.
2, 3, 31, 43, 127
List the prime factors of 3757356.
2, 3, 29, 59, 61
List the prime factors of 408404.
2, 102101
List the prime factors of 1656157.
17, 37, 2633
What are the prime factors of 992377?
37, 26821
List the prime factors of 6089827.
6089827
List the prime factors of 244051.
109, 2239
What are the prime factors of 819694?
2, 233, 1759
What are the prime factors of 617285?
5, 123457
List the prime factors of 6137443.
13, 472111
List the prime factors of 1447913.
1447913
List the prime factors of 7318565.
5, 877, 1669
List the prime factors of 181999.
23, 41, 193
List the prime factors of 1539812.
2, 331, 1163
What are the prime factors of 5308344?
2, 3, 73727
What are the prime factors of 175035?
3, 5, 7, 1667
List the prime factors of 345635.
5, 69127
List the prime factors of 172894.
2, 137, 631
List the prime factors of 1040312.
2, 7, 13, 1429
What are the prime factors of 2900414?
2, 11, 131837
What are the prime factors of 120888?
2, 3, 23, 73
What are the prime factors of 35058893?
35058893
What are the prime factors of 138656?
2, 7, 619
List the prime factors of 36934.
2, 59, 313
List the prime factors of 148595.
5, 113, 263
List the prime factors of 7148374.
2, 3574187
List the prime factors of 118270.
2, 5, 11827
List the prime factors of 1116996.
2, 3, 93083
List the prime factors of 308991.
3, 127, 811
List the prime factors of 10031643.
3, 97, 11491
What are the prime factors of 493872?
2, 3, 10289
List the prime factors of 5506046.
2, 7, 13, 30253
What are the prime factors of 1325925?
3, 5, 71, 83
What are the prime factors of 121946?
2, 11, 23, 241
What are the prime factors of 270457?
11, 23, 1069
List the prime factors of 3986809.
3986809
What are the prime factors of 26229498?
2, 3, 101, 43283
What are the prime factors of 50769?
3, 5641
What are the prime factors of 24445360?
2, 5, 31, 9857
What are the prime factors of 107059?
151, 709
What are the prime factors of 9092057?
13, 127, 5507
List the prime factors of 9580687.
1693, 5659
What are the prime factors of 29108?
2, 19, 383
List the prime factors of 1180556.
2, 13, 73, 311
What are the prime factors of 1559834?
2, 787, 991
What are the prime factors of 1203349?
7, 103, 1669
List the prime factors of 1240055.
5, 37, 6703
List the prime factors of 103842.
2, 3, 641
List the prime factors of 183992.
2, 109, 211
What are the prime factors of 3175786?
2, 149, 10657
What are the prime factors of 500485?
5, 199, 503
List the prime factors of 777539.
7, 277, 401
What are the prime factors of 173663?
7, 24809
List the prime factors of 1164555.
3, 5, 7, 3697
List the prime factors of 2513846.
2, 1256923
What are the prime factors of 2020222?
2, 163, 6197
List the prime factors of 13502.
2, 43, 157
What are the prime factors of 10746424?
2, 13, 191, 541
What are the prime factors of 4361523?
3, 37, 39293
What are the prime factors of 7335636?
2, 3, 7, 11, 17, 467
List the prime factors of 3953259.
3, 146417
List the prime factors of 1002117.
3, 19, 17581
List the prime factors of 191811.
3, 17, 3761
What are the prime factors of 402345?
3, 5, 8941
List the prime factors of 348030.
2, 3, 5, 1289
What are the prime factors of 452722?
2, 41, 5521
List the prime factors of 2397775.
5, 95911
What are the prime factors of 2477445?
3, 5, 23, 43, 167
What are the prime factors of 4513689?
3, 241, 2081
List the prime factors of 40048.
2, 2503
List the prime factors of 198199.
47, 4217
List the prime factors of 7352624.
2, 157, 2927
What are the prime factors of 21474333?
3, 79, 30203
What are the prime factors of 634789?
103, 6163
What are the prime factors of 2950026?
2, 3, 23, 21377
List the prime factors of 959570.
2, 5, 95957
What are the prime factors of 778152?
2, 3, 32423
What are the prime factors of 2005721?
199, 10079
List the prime factors of 3232230.
2, 3, 5, 107741
List the prime factors of 9074905.
5, 7, 251, 1033
What are the prime factors of 13428165?
3, 5, 895211
What are the prime factors of 751226?
2, 7, 23, 2333
List the prime factors of 39529.
7, 5647
What are the prime factors of 299969?
299969
List the prime factors of 169304.
2, 21163
List the prime factors of 13913706.
2, 3, 2318951
List the prime factors of 19474691.
37, 53, 9931
List the prime factors of 19648214.
2, 113, 86939
What are the prime factors of 145336?
2, 37, 491
List the prime factors of 47612.
2, 11903
List the prime factors of 877427.
23, 38149
What are the prime factors of 2901408?
2, 3, 30223
List the prime factors of 83417.
83417
What are the prime factors of 365738?
2, 17, 31, 347
List the prime factors of 351349.
73, 4813
What are the prime factors of 972315?
3, 5, 17, 31, 41
List the prime factors of 19714317.
3, 7, 41, 3271
List the prime factors of 48256.
2, 13, 29
What are the prime factors of 2903?
2903
List the prime factors of 787026.
2, 3, 131171
What are the prime factors of 128027?
17, 443
What are the prime factors of 1731107?
7, 247301
List the prime factors of 2110667.
13, 162359
List the prime factors of 607006.
2, 223, 1361
What are the prime factors of 1774033?
97, 18289
List the prime factors of 403181.
403181
What are the prime factors of 510365?
5, 103, 991
What are the prime factors of 763966?
2, 7, 197, 277
List the prime factors of 292533.
3, 97511
What are the prime factors of 2996645?
5, 739, 811
List the prime factors of 3875955.
3, 5, 233, 1109
List the prime factors of 17819453.
137, 130069
List the prime factors of 2715662.
2, 31, 43801
List the prime factors of 161043.
3, 53681
List the prime factors of 1151425.
5, 11, 53, 79
List the prime factors of 298842.
2, 3, 49807
What are the prime factors of 309037?
309037
List the prime factors of 1038966.
2, 3, 43, 4027
List the prime factors of 9090374.
2, 491, 9257
List the prime factors of 771870.
2, 3, 5, 11, 2339
What are the prime factors of 745887?
3, 109, 2281
What are the prime factors of 15510971?
7, 2215853
List the prime factors of 31362964.
2, 191, 41051
List the prime factors of 922108.
2, 11, 19, 1103
List the prime factors of 730484.
2, 31, 43, 137
What are the prime factors of 112401?
3, 23, 181
What are the prime factors of 582989?
11, 52999
What are the prime factors of 627200?
2, 5, 7
What are the prime factors of 708376?
2, 88547
List the prime factors of 89699.
19, 4721
What are the prime factors of 454768?
2, 43, 661
What are the prime factors of 3203331?
3, 1067777
What are the prime factors of 9504674?
2, 19, 250123
What are the prime factors of 503447?
7, 23, 53, 59
List the prime factors of 420115.
5, 73, 1151
What are the prime factors of 735886?
2, 101, 3643
What are the prime factors of 417821?
417821
What are the prime factors of 278853?
3, 92951
List the prime factors of 6485935.
5, 19, 67, 1019
List the prime factors of 1261920.
2, 3, 5, 11, 239
List the prime factors of 4136214